9.
6
Calculate the remainder when 45485020 is divided by 631736.
28
Calculate the remainder when 1983513 is divided by 991716.
81
Calculate the remainder when 12100113 is divided by 717.
21
Calculate the remainder when 938726 is divided by 32.
6
Calculate the remainder when 1275948 is divided by 57975.
498
What is the remainder when 36853259 is divided by 41?
40
What is the remainder when 35947 is divided by 3703?
2620
Calculate the remainder when 553651 is divided by 1276.
1143
What is the remainder when 13963208 is divided by 4654401?
5
Calculate the remainder when 17703987 is divided by 131.
123
Calculate the remainder when 71113230 is divided by 8.
6
What is the remainder when 1383938 is divided by 85?
53
What is the remainder when 39023375 is divided by 1625973?
23
What is the remainder when 19672 is divided by 9543?
586
What is the remainder when 216410844 is divided by 31?
30
Calculate the remainder when 17580518 is divided by 59.
52
What is the remainder when 543596 is divided by 268946?
5704
What is the remainder when 4799695 is divided by 8648?
55
What is the remainder when 139654 is divided by 147?
4
What is the remainder when 5983274 is divided by 80?
74
What is the remainder when 22453059 is divided by 188681?
20
Calculate the remainder when 2643092 is divided by 179.
157
What is the remainder when 790028 is divided by 263326?
50
What is the remainder when 324510849 is divided by 31?
28
What is the remainder when 167963 is divided by 307?
34
Calculate the remainder when 96201 is divided by 38.
23
Calculate the remainder when 251587 is divided by 6829.
5743
Calculate the remainder when 503404 is divided by 510.
34
What is the remainder when 497630 is divided by 3713?
88
What is the remainder when 30728921 is divided by 75?
71
What is the remainder when 5153766 is divided by 1496?
46
What is the remainder when 5554907 is divided by 139?
50
What is the remainder when 16697246 is divided by 95?
46
What is the remainder when 12568120 is divided by 346?
16
Calculate the remainder when 13777995 is divided by 373.
121
What is the remainder when 635086 is divided by 2725?
161
Calculate the remainder when 102683 is divided by 51334.
15
Calculate the remainder when 78022 is divided by 26007.
1
What is the remainder when 37258 is divided by 1823?
798
Calculate the remainder when 5858251 is divided by 545.
46
What is the remainder when 1732259 is divided by 288673?
221
What is the remainder when 4414681 is divided by 1471107?
1360
Calculate the remainder when 11720118 is divided by 21.
18
Calculate the remainder when 1066433 is divided by 355473.
14
What is the remainder when 18966970 is divided by 632232?
10
What is the remainder when 93748 is divided by 3734?
398
Calculate the remainder when 9178409 is divided by 30.
29
Calculate the remainder when 6838005 is divided by 583.
581
Calculate the remainder when 23812933 is divided by 3001.
2999
Calculate the remainder when 8576 is divided by 4308.
4268
What is the remainder when 54846 is divided by 27218?
410
What is the remainder when 65173 is divided by 434?
73
Calculate the remainder when 139131394 is divided by 5420.
5414
Calculate the remainder when 2159438 is divided by 719797.
47
What is the remainder when 7642520 is divided by 2234?
6
What is the remainder when 2064048 is divided by 687993?
69
Calculate the remainder when 11249714 is divided by 4.
2
What is the remainder when 427139 is divided by 4270?
139
What is the remainder when 553933 is divided by 184483?
484
What is the remainder when 1605125 is divided by 2429?
1985
What is the remainder when 223610 is divided by 3787?
177
Calculate the remainder when 113438 is divided by 3720.
1838
What is the remainder when 6707 is divided by 3360?
3347
What is the remainder when 93234 is divided by 19?
1
Calculate the remainder when 3517067 is divided by 69.
68
Calculate the remainder when 294497 is divided by 209.
16
Calculate the remainder when 77945 is divided by 77929.
16
What is the remainder when 158859 is divided by 31600?
859
What is the remainder when 2045874 is divided by 22?
6
What is the remainder when 133486020 is divided by 4018?
24
Calculate the remainder when 177802 is divided by 60.
22
Calculate the remainder when 19396924 is divided by 497.
8
Calculate the remainder when 417710 is divided by 766.
240
What is the remainder when 2896637 is divided by 482746?
161
What is the remainder when 2029402 is divided by 35?
32
What is the remainder when 593997 is divided by 167?
145
What is the remainder when 107829 is divided by 609?
36
What is the remainder when 174033 is divided by 6000?
33
What is the remainder when 1070969898 is divided by 220?
218
Calculate the remainder when 76179301 is divided by 55.
11
Calculate the remainder when 126674657 is divided by 9998.
9995
What is the remainder when 330549 is divided by 8314?
6303
Calculate the remainder when 194937 is divided by 6715.
202
What is the remainder when 1207165 is divided by 64?
61
Calculate the remainder when 736557 is divided by 301.
10
What is the remainder when 10498 is divided by 5?
3
What is the remainder when 158835 is divided by 840?
75
Calculate the remainder when 31124778 is divided by 3458308.
6
Calculate the remainder when 5142296 is divided by 2571123.
50
What is the remainder when 6412656 is divided by 460?
256
Calculate the remainder when 43869 is divided by 1509.
108
What is the remainder when 437120 is divided by 199?
116
What is the remainder when 89378683 is divided by 3371?
3360
Calculate the remainder when 89621432 is divided by 141.
140
Calculate the remainder when 127666040 is divided by 452.
448
Calculate the remainder when 20418 is divided by 3602.
2408
What is the remainder when 36040593 is divided by 27139?
1
What is the remainder when 12961439 is divided by 11?
7
Calculate the remainder when 10267 is divided by 4711.
845
What is the remainder when 47939942 is divided by 19?
16
What is the remainder when 287305 is divided by 143532?
241
What is the remainder when 1564617 is divided by 10576?
9945
What is the remainder when 270372 is divided by 65078?
10060
What is the remainder when 189045821 is divided by 5057?
5047
What is the remainder when 643773 is divided by 370?
343
Calculate the remainder when 73096 is divided by 4281.
319
Calculate the remainder when 986858 is divided by 197361.
53
Calculate the remainder when 4488798 is divided by 1122198.
6
What is the remainder when 342849 is divided by 3565?
609
Calculate the remainder when 709566152 is divided by 485.
482
What is the remainder when 5250576 is divided by 79?
78
What is the remainder when 1132015 is divided by 14513?
1
What is the remainder when 7618327 is divided by 17?
15
What is the remainder when 87500860 is divided by 280?
20
Calculate the remainder when 1846151 is divided by 25.
1
What is the remainder when 629351 is divided by 314069?
1213
Calculate the remainder when 937787 is divided by 77.
4
What is the remainder when 13096136 is divided by 10?
6
What is the remainder when 138184 is divided by 72?
16
What is the remainder when 145832 is divided by 215?
62
Calculate the remainder when 150925 is divided by 18546.
2557
Calculate the remainder when 141784 is divided by 307.
257
What is the remainder when 1324175 is divided by 1324157?
18
Calculate the remainder when 1169368117 is divided by 211.
209
What is the remainder when 542844 is divided by 539132?
3712
What is the remainder when 196212 is divided by 459?
219
What is the remainder when 86297 is divided by 47?
5
Calculate the remainder when 2196168 is divided by 4281.
15
Calculate the remainder when 3779275 is divided by 1641.
52
What is the remainder when 1354621 is divided by 404?
9
Calculate the remainder when 37730 is divided by 894.
182
What is the remainder when 13738967 is divided by 20785?
82
Calculate the remainder when 1137590 is divided by 45498.
140
What is the remainder when 16825720 is divided by 429?
340
Calculate the remainder when 12043395 is divided by 1182.
1179
Calculate the remainder when 5550122 is divided by 277506.
2
Calculate the remainder when 5522029 is divided by 108.
97
Calculate the remainder when 2934273 is divided by 78.
69
Calculate the remainder when 15183006 is divided by 464.
462
Calc